{"id":2077,"date":"2021-03-04T16:49:18","date_gmt":"2021-03-04T16:49:18","guid":{"rendered":"http:\/\/monikawilla.pl\/?page_id=2077"},"modified":"2021-03-11T19:59:02","modified_gmt":"2021-03-11T19:59:02","slug":"otoczenie-i-plac-zabaw","status":"publish","type":"page","link":"http:\/\/monikawilla.pl\/index.php\/otoczenie-i-plac-zabaw\/","title":{"rendered":"Otoczenie i plac zabaw"},"content":{"rendered":"<p>[vc_row equal_height=&#8221;yes&#8221; content_placement=&#8221;middle&#8221; shadow_x_offset=&#8221;0&#8243; shadow_y_offset=&#8221;0&#8243; shadow_blur=&#8221;0&#8243; shadow_spread=&#8221;0&#8243;][vc_column][stm_spacer height=&#8221;150&#8243;][vc_custom_heading text=&#8221;Otoczenie i plac zabaw&#8221; font_container=&#8221;tag:h3|text_align:center|color:%232b2b2b&#8221; use_theme_fonts=&#8221;yes&#8221; css_animation=&#8221;fadeIn&#8221; css=&#8221;.vc_custom_1614876688209{padding-top: 50px !important;padding-bottom: 50px !important;}&#8221;][\/vc_column][\/vc_row][vc_row][vc_column][stm_images_gallery_with_categories images=&#8221;%5B%7B%22category%22%3A%22Otoczenie%20obiektu%22%2C%22images_array%22%3A%222079%2C2080%2C2081%2C2082%2C2083%2C2084%2C2085%2C2086%2C2087%2C2088%2C2089%2C2090%2C2091%22%7D%2C%7B%22category%22%3A%22Plac%20zabaw%22%2C%22images_array%22%3A%222092%2C2093%2C2094%2C2095%2C2096%22%7D%5D&#8221; number=&#8221;9&#8243; img_size=&#8221;240&#215;240&#8243;][\/vc_column][\/vc_row]<\/p>\n","protected":false},"excerpt":{"rendered":"<p>[vc_row equal_height=&#8221;yes&#8221; content_placement=&#8221;middle&#8221; shadow_x_offset=&#8221;0&#8243; shadow_y_offset=&#8221;0&#8243; shadow_blur=&#8221;0&#8243; shadow_spread=&#8221;0&#8243;][vc_column][stm_spacer height=&#8221;150&#8243;][vc_custom_heading text=&#8221;Otoczenie i plac zabaw&#8221; font_container=&#8221;tag:h3|text_align:center|color:%232b2b2b&#8221; use_theme_fonts=&#8221;yes&#8221; css_animation=&#8221;fadeIn&#8221; css=&#8221;.vc_custom_1614876688209{padding-top: 50px !important;padding-bottom: 50px !important;}&#8221;][\/vc_column][\/vc_row][vc_row][vc_column][stm_images_gallery_with_categories images=&#8221;%5B%7B%22category%22%3A%22Otoczenie%20obiektu%22%2C%22images_array%22%3A%222079%2C2080%2C2081%2C2082%2C2083%2C2084%2C2085%2C2086%2C2087%2C2088%2C2089%2C2090%2C2091%22%7D%2C%7B%22category%22%3A%22Plac%20zabaw%22%2C%22images_array%22%3A%222092%2C2093%2C2094%2C2095%2C2096%22%7D%5D&#8221; number=&#8221;9&#8243; img_size=&#8221;240&#215;240&#8243;][\/vc_column][\/vc_row]<\/p>\n","protected":false},"author":1,"featured_media":2065,"parent":0,"menu_order":0,"comment_status":"closed","ping_status":"closed","template":"","meta":[],"yoast_head":"<!-- This site is optimized with the Yoast SEO plugin v16.0 - https:\/\/yoast.com\/wordpress\/plugins\/seo\/ -->\n<title>Otoczenie i plac zabaw - Willa Monika i Restauracja R\u00f3\u017ca Wiatr\u00f3w<\/title>\n<meta name=\"description\" content=\"Pensjonat Monika Pokoje Go\u015bcinne Halama Willa Kwatery Krynica Morska Wczasy Noclegi Pensjonaty R\u00f3\u017ca Wiatr\u00f3w Opinie Restauracja\" \/>\n<link rel=\"canonical\" href=\"http:\/\/monikawilla.pl\/index.php\/otoczenie-i-plac-zabaw\/\" \/>\n<meta property=\"og:locale\" content=\"pl_PL\" \/>\n<meta property=\"og:type\" content=\"article\" \/>\n<meta property=\"og:title\" content=\"Otoczenie i plac zabaw - Willa Monika i Restauracja R\u00f3\u017ca Wiatr\u00f3w\" \/>\n<meta property=\"og:description\" content=\"Pensjonat Monika Pokoje Go\u015bcinne Halama Willa Kwatery Krynica Morska Wczasy Noclegi Pensjonaty R\u00f3\u017ca Wiatr\u00f3w Opinie Restauracja\" \/>\n<meta property=\"og:url\" content=\"http:\/\/monikawilla.pl\/index.php\/otoczenie-i-plac-zabaw\/\" \/>\n<meta property=\"og:site_name\" content=\"Willa Monika i Restauracja R\u00f3\u017ca Wiatr\u00f3w\" \/>\n<meta property=\"article:publisher\" content=\"https:\/\/www.facebook.com\/Willa-Monika-i-Restauracja-R%c3%b3%c5%bca-Wiatr%c3%b3w-Krynica-Morska-366341340165587\" \/>\n<meta property=\"article:modified_time\" content=\"2021-03-11T19:59:02+00:00\" \/>\n<meta property=\"og:image\" content=\"http:\/\/monikawilla.pl\/wp-content\/uploads\/2021\/03\/52016.jpg\" \/>\n\t<meta property=\"og:image:width\" content=\"800\" \/>\n\t<meta property=\"og:image:height\" content=\"533\" \/>\n<meta name=\"twitter:card\" content=\"summary_large_image\" \/>\n<meta name=\"twitter:label1\" content=\"Est. reading time\">\n\t<meta name=\"twitter:data1\" content=\"1 minuta\">\n<script type=\"application\/ld+json\" class=\"yoast-schema-graph\">{\"@context\":\"https:\/\/schema.org\",\"@graph\":[{\"@type\":\"Organization\",\"@id\":\"http:\/\/monikawilla.pl\/#organization\",\"name\":\"Willa Monika i Restauracja R\\u00f3\\u017ca Wiatr\\u00f3w - Krynica Morska\",\"url\":\"http:\/\/monikawilla.pl\/\",\"sameAs\":[\"https:\/\/www.facebook.com\/Willa-Monika-i-Restauracja-R\\u00f3\\u017ca-Wiatr\\u00f3w-Krynica-Morska-366341340165587\"],\"logo\":{\"@type\":\"ImageObject\",\"@id\":\"http:\/\/monikawilla.pl\/#logo\",\"inLanguage\":\"pl-PL\",\"url\":\"http:\/\/monikawilla.pl\/wp-content\/uploads\/2021\/02\/logo_willa-monika_wybrane1.png\",\"width\":1772,\"height\":970,\"caption\":\"Willa Monika i Restauracja R\\u00f3\\u017ca Wiatr\\u00f3w - Krynica Morska\"},\"image\":{\"@id\":\"http:\/\/monikawilla.pl\/#logo\"}},{\"@type\":\"WebSite\",\"@id\":\"http:\/\/monikawilla.pl\/#website\",\"url\":\"http:\/\/monikawilla.pl\/\",\"name\":\"Willa Monika i Restauracja R\\u00f3\\u017ca Wiatr\\u00f3w\",\"description\":\"Komfortowe pokoje oraz pyszna restauracja w Krynicy Morskiej\",\"publisher\":{\"@id\":\"http:\/\/monikawilla.pl\/#organization\"},\"potentialAction\":[{\"@type\":\"SearchAction\",\"target\":\"http:\/\/monikawilla.pl\/?s={search_term_string}\",\"query-input\":\"required name=search_term_string\"}],\"inLanguage\":\"pl-PL\"},{\"@type\":\"ImageObject\",\"@id\":\"http:\/\/monikawilla.pl\/index.php\/otoczenie-i-plac-zabaw\/#primaryimage\",\"inLanguage\":\"pl-PL\",\"url\":\"http:\/\/monikawilla.pl\/wp-content\/uploads\/2021\/03\/52016.jpg\",\"width\":800,\"height\":533},{\"@type\":\"WebPage\",\"@id\":\"http:\/\/monikawilla.pl\/index.php\/otoczenie-i-plac-zabaw\/#webpage\",\"url\":\"http:\/\/monikawilla.pl\/index.php\/otoczenie-i-plac-zabaw\/\",\"name\":\"Otoczenie i plac zabaw - Willa Monika i Restauracja R\\u00f3\\u017ca Wiatr\\u00f3w\",\"isPartOf\":{\"@id\":\"http:\/\/monikawilla.pl\/#website\"},\"primaryImageOfPage\":{\"@id\":\"http:\/\/monikawilla.pl\/index.php\/otoczenie-i-plac-zabaw\/#primaryimage\"},\"datePublished\":\"2021-03-04T16:49:18+00:00\",\"dateModified\":\"2021-03-11T19:59:02+00:00\",\"description\":\"Pensjonat Monika Pokoje Go\\u015bcinne Halama Willa Kwatery Krynica Morska Wczasy Noclegi Pensjonaty R\\u00f3\\u017ca Wiatr\\u00f3w Opinie Restauracja\",\"breadcrumb\":{\"@id\":\"http:\/\/monikawilla.pl\/index.php\/otoczenie-i-plac-zabaw\/#breadcrumb\"},\"inLanguage\":\"pl-PL\",\"potentialAction\":[{\"@type\":\"ReadAction\",\"target\":[\"http:\/\/monikawilla.pl\/index.php\/otoczenie-i-plac-zabaw\/\"]}]},{\"@type\":\"BreadcrumbList\",\"@id\":\"http:\/\/monikawilla.pl\/index.php\/otoczenie-i-plac-zabaw\/#breadcrumb\",\"itemListElement\":[{\"@type\":\"ListItem\",\"position\":1,\"item\":{\"@type\":\"WebPage\",\"@id\":\"http:\/\/monikawilla.pl\/\",\"url\":\"http:\/\/monikawilla.pl\/\",\"name\":\"Strona g\\u0142\\u00f3wna\"}},{\"@type\":\"ListItem\",\"position\":2,\"item\":{\"@type\":\"WebPage\",\"@id\":\"http:\/\/monikawilla.pl\/index.php\/otoczenie-i-plac-zabaw\/\",\"url\":\"http:\/\/monikawilla.pl\/index.php\/otoczenie-i-plac-zabaw\/\",\"name\":\"Otoczenie i plac zabaw\"}}]}]}<\/script>\n<!-- \/ Yoast SEO plugin. -->","_links":{"self":[{"href":"http:\/\/monikawilla.pl\/index.php\/wp-json\/wp\/v2\/pages\/2077"}],"collection":[{"href":"http:\/\/monikawilla.pl\/index.php\/wp-json\/wp\/v2\/pages"}],"about":[{"href":"http:\/\/monikawilla.pl\/index.php\/wp-json\/wp\/v2\/types\/page"}],"author":[{"embeddable":true,"href":"http:\/\/monikawilla.pl\/index.php\/wp-json\/wp\/v2\/users\/1"}],"replies":[{"embeddable":true,"href":"http:\/\/monikawilla.pl\/index.php\/wp-json\/wp\/v2\/comments?post=2077"}],"version-history":[{"count":2,"href":"http:\/\/monikawilla.pl\/index.php\/wp-json\/wp\/v2\/pages\/2077\/revisions"}],"predecessor-version":[{"id":2097,"href":"http:\/\/monikawilla.pl\/index.php\/wp-json\/wp\/v2\/pages\/2077\/revisions\/2097"}],"wp:featuredmedia":[{"embeddable":true,"href":"http:\/\/monikawilla.pl\/index.php\/wp-json\/wp\/v2\/media\/2065"}],"wp:attachment":[{"href":"http:\/\/monikawilla.pl\/index.php\/wp-json\/wp\/v2\/media?parent=2077"}],"curies":[{"name":"wp","href":"https:\/\/api.w.org\/{rel}","templated":true}]}}